r - 14. Let f(h) = b(h) + p(h). Calculate f(10).
-4
Let x = -1 - 1. Let h be 3*(x + -2 + 3). Let t be (3 + h)/(1*-1). Let r(q) = -q**3 - q**2 - q - 3. Determine r(t).
-3
Let g(j) = -j**2 + 59*j - 3 - 60*j - 3*j**3 + 2*j**3. Determine g(0).
-3
Suppose b - 2 = 4*s + 3*b, 5*s + 4*b = -7. Let w(n) = -s - n + 5*n + 2*n - 3*n. Let y be (-5)/(-2) - 1/2. Calculate w(y).
5
Let i(t) = -t**3 - 4*t**2 - t. Let c be i(-4). Let b(l) = 2*l + 0*l + c + 6 - 4. Let y(j) = j - 1. Let m(w) = b(w) + 4*y(w). Give m(-2).
-10
Let k(p) = -p**2 + 4*p + 6. Suppose -15 + 55 = 4*j. Suppose 3*q - q + 2*f - 10 = 0, 2*q + 4*f = j. Determine k(q).
1
Let c be (-3)/6*1*-16. Suppose v = 5*v - c. Let k(b) = b**2 - b + 1. Calculate k(v).
3
Let t(h) = h**3 + 5*h**2 - h. Let n(d) = -d**3 + 11*d**2 + 11*d + 14. Let j be n(12). Let f = j + -1. Suppose 0 = -2*p - 9 - f. What is t(p)?
5
Let p(l) = -7 - 23*l - l**2 + 3 + 16*l. Calculate p(-6).
2
Let s(r) = r**3 - 4*r**2 - 4*r + 3. Let w = 7 - -9. Suppose 0 = z - 2*a - 0*a - 7, -w = -3*z + a. Determine s(z).
8
Let d = -18 - -22. Let n(s) = -s**3 + 5*s**2 - 5*s - 2. Determine n(d).
-6
Let z(s) = 6*s - 6 - 4*s**2 + s + s**3 + s - 5*s. Give z(4).
6
Let x(g) = 1. Let j(i) = i + 6. Let b(f) = j(f) - 3*x(f). Give b(-6).
-3
Let a(y) be the first derivative of 5*y**4/4 - 2*y**3/3 + y - 18. Determine a(1).
4
Let h(g) = 23*g**3 - 10*g**3 + 2*g**2 - 14*g**3 + 3. Give h(3).
-6
Suppose -4 = -0*i - 2*i. Let f(o) = 3*o**2 + 2*o - 1. Let h be f(1). Suppose -h*j + 5*t = -10, -i*j - 2*j - 8 = 4*t. Let p(n) = n**2 - n - 2. What is p(j)?
-2
Let u(l) = 2*l**2 + 3*l + 3. Let t = -25 - -22. Give u(t).
12
Let c(q) = -5*q - 3. Let z be c(-3). Let t(w) = 7*w - z*w + 8*w - 4. Give t(3).
5
Suppose 20 = -8*k - 28. Let z(t) = t**2 + 4*t + 8. What is z(k)?
20
Let g(n) = 238 - 466 - n**3 - 5*n**2 + 7*n + 234. Calculate g(-6).
0
Let i(j) be the third derivative of -1/15*j**5 - 2*j**2 - 1/120*j**6 - 1/3*j**3 + 0 + 0*j + 5/24*j**4. Calculate i(-5).
-2
Let v(p) = -5*p. Let u be -2*(-2)/4 - -2. Determine v(u).
-15
Let k(w) = 2*w + 0 - 1 - 1. Calculate k(-2).
-6
Let i(f) = -f**3 - 3*f**2 + 5*f + 6. Let p = 4 + -2. Suppose -l = k + p*k + 14, 10 = l - 3*k. Let m be 20/l*10/25. What is i(m)?
2
Let f(z) = z + 5. Let j = -49 + 44. Calculate f(j).
0
Let l(i) = i**2 - 7*i + 8. Suppose -k - 6 = -5. Let j(u) = -u + 1. Let g be j(k). Suppose 0 = -5*h + 17 + 3, 0 = g*z - 5*h + 8. Determine l(z).
2
Let k(j) = -j. Let v(q) = q**2 - 6*q + 6. Let n be v(4). Give k(n).
2
Let u be (-8)/(-16)*(-13 + 1). Suppose -7*w + 10 = -2*w. Let h = w + u. Let l(g) = g**2 + 4*g - 3. Determine l(h).
-3
Let b(m) = m - 12. Let k(h) = h - 1. Let i(c) = -16*c - 8. Let r(y) = i(y) - 2*k(y). Let l be r(-5). Let v be l/16 - (-2)/(-8). Calculate b(v).
-7
Let a(c) be the second derivative of -c**4/12 + c**3/3 + c**2 + 3*c. Give a(4).
-6
Let b(w) = -w**3 - w**2 + 1. Let o = 12 + -13. Let t = o - -3. What is b(t)?
-11
Suppose -4*z = 4*p - 0*z + 4, -3*z = 3. Suppose p = 5*d - 18 + 3. Let x be 1/((-3)/d)*5. Let m(n) = -n**2 - 5*n - 6. Determine m(x).
-6
Let n(v) = -v**2 + 14 - 308*v + 308*v. Calculate n(0).
14
Suppose -2*y + 20 = -4*q, -q + y = -4 + 11. Let g(w) = 2 + 3*w - 3 - 4*w. Calculate g(q).
2
Let f be (21/14)/(3/(-16)). Let n be (-1)/(f/(-3) + -3). Suppose -4*c = 5 - 1, 2*o = -5*c + n. Let r(j) = -j**2 + 4*j - 4. Determine r(o).
-4
Let i be 5/(9/6 - 15/6). Let m(s) = -2*s - 6. Calculate m(i).
4
Let y(s) be the third derivative of s**5/60 + s**4/6 + 2*s**3/3 - 5*s**2. Calculate y(-4).
4
Let r(y) = 2*y**3 - 21*y**2 + y - 7. Let l(w) = -w**3 + 11*w**2 - w + 4. Let o(q) = -11*l(q) - 6*r(q). Calculate o(6).
-8
Let k(f) = 4*f**2 - f. Let y(t) = -2*t**2. Let c(v) = -3*k(v) - 5*y(v). Calculate c(-3).
-27
Let g(d) = -d - 1. Let s(c) = 8 + 2*c - 3*c - 3. Let n(p) = -4*g(p) + s(p). What is n(-6)?
-9
Suppose 10 = 2*o - o. Suppose -11 = -4*b + 9. Let d = o - b. Let s(h) = h - 7. Give s(d).
-2
Let q be 3*1 + (7 - (-7 + 10)). Let c(v) = v**3 - 7*v**2 - 2*v + 4. What is c(q)?
-10
Let k(i) = -i**3 + i - 5. Let p be k(0). Let j(g) = g - 2. Let q(b) = -b + 1. Let y(o) = p*j(o) - 4*q(o). What is y(5)?
1
Let q(j) = -j + 4. Let s(n) = -2 + 3 - 4 + 2. Let r(u) = q(u) - 3*s(u). What is r(5)?
2
Let j(x) = -2 - 2*x**2 - 6*x + x + 7 - 3 + x**3. Give j(3).
-4
Let f(d) = 4*d**2 - 9*d - 6. Let b(p) = 4*p**2 - 10*p - 7. Let z(o) = 5*b(o) - 6*f(o). Calculate z(3).
-23
Let j(f) = -f + 4. Suppose 2*c - 8 = -2. Calculate j(c).
1
Let b = 20 - 24. Let c be -1 + 3 + -2 + 2. Let w(a) = a**2 - 3 + c*a - 1 - 1. Calculate w(b).
3
Let b(o) be the first derivative of -1/2*o**2 - 1 + 0*o. Suppose -y - 2 = -7. Give b(y).
-5
Suppose 6*r + 6 = -0*r. Let n(s) = s**2. Give n(r).
1
Let v be (-3)/6 - (-9)/2. Let h(m) = v + 0 - 4 + m + 3. Calculate h(-4).
-1
Let l be 0 - -2*(-1)/(-1). Let q(u) = 3*u - 3*u + 2 + u**l. Let k be (2/2)/(7/14). Determine q(k).
6
Let n(m) = -2*m + 1. Let j(t) = -10 + 9*t + 0*t + 6. Let w(f) = -6*j(f) - 26*n(f). Determine w(-4).
6
Let f(s) = -s**3 + 7*s**2 - 5*s - 7. Let w(t) = t + 13. Let k be w(-7). What is f(k)?
-1
Let q(u) = 0 - u + 1 + 7. Suppose 3*o = 4*r - 28, -3*o - 2*r = -4*o - 12. Let g be 2/(-4) + o/(-8). Give q(g).
8
Let t(g) = -2*g**2 - 2*g + 2. Suppose -9*b + 8*b + y = 5, 2*b = y - 7. What is t(b)?
-2
Let x(d) = -2*d**2 - d - 1. Let h(p) = 2*p**2. Let n(t) = -3*h(t) - 2*x(t). Suppose 6 = -5*i - 2*g - 8, 10 = -i - 4*g. What is n(i)?
-10
Let s(b) = -5*b - b**2 - 2*b - 3 + 9*b + 0*b**2. Give s(5).
-18
Let t be 2*(-2)/(-4) - 1. Suppose 2*m = -5*p - 0*m + 16, -2*m + 6 = 0. Let k(r) = 3*r**p - 3*r + t*r + 0*r + 2. Determine k(2).
8
Let d(b) be the second derivative of 0*b**2 - 2*b + 1/6*b**4 - 1/6*b**3 + 0. Let k be d(-1). Let h(m) = m**2 - m. Give h(k).
6
Let b be (-4)/(-6) + (-3)/(-9). Let t(u) = -5 - 2*u**2 + 4*u + u**3 + 2 + b. Let i be t(2). Let z(d) = -d**3 + 5*d**2 + 6*d + 4. What is z(i)?
4
Let v = 19 - 31. Let s be -1*v/2 - -1. Let f = 9 - s. Let i(z) = z**2 - 3*z + 1. What is i(f)?
-1
Let h(i) = -i + 7. Let j(m) = -3*m + 13. Let n(l) = 11*h(l) - 6*j(l). Determine n(-1).
-8
Let p(o) = -2*o**2 - o + 1. Let a(r) = -r**2 - 2*r + 2. Let x(h) = -2*a(h) + 3*p(h). Calculate x(1).
-4
Let y(d) be the first derivative of 3*d**4/4 + 2*d**3/3 - d**2/2 + 7. What is y(1)?
4
Let z(q) = 17*q + 3. Let s(h) = 5*h + 1. Let j(m) = 7*s(m) - 2*z(m). Suppose -3*g + 5*g = 0. What is j(g)?
1
Let w(m) = -m**2 + 1. Let c(o) = -2*o**2 + o - 7. Let p be (-40)/16*(-2)/5. Let t(f) = p*c(f) + 6*w(f). Let x be ((-8)/(-16))/(2/4). Give t(x).
-8
Let v(c) = c**2 + c + 1. Let y(j) = j**3 - 2*j**2 - 13*j - 9. Let h(q) = -6*v(q) - y(q). Determine h(-5).
-7
Suppose -4*y - y - 4*w + 24 = 0, 19 = 5*y - w. Let k be 1 - (-2)/(1 - 3). Let i(z) = y + k*z - 6*z + 0*z**2 - z**2 - 1. What is i(-5)?
8
Let u(m) = -16*m - 63*m**2 - 32 - 1 - 17*m. Let n(d) = 4*d**2 + 2*d + 2. Let z(s) = 33*n(s) + 2*u(s). Suppose -22 = 17*p - 5. Determine z(p).
6
Let b(p) be the third derivative of p**4/8 + 5*p**3/6 + 7*p**2. Determine b(-4).
-7
Let o be (16 - 17)/(2/2). Let l(j) = 1 - 1 - 9*j**3 - j. What is l(o)?
10
Suppose 4*g + 0*g - 4 = 0. Let j(n) = g - n - n**3 - 7*n**2 - 2*n + 2*n**2 + 0*n**2. What is j(-4)?
-3
Suppose 30 = 6*m - 11*m. Let n(c) = -c**3 - 6*c**2 - 2. Calculate n(m).
-2
Let d(t) = t**2 - t - 2. Let p be d(-2). Let n(v) = p + 2*v - 5*v + 4*v. Calculate n(5).
9
Let p be (-15)/13 - (-2)/13. Let a be (p - 0)*(0 + -5). Let w(i) = i**2 - 6*i - 1. Give w(a).
-6
Let o(z) = -z - 7. Let i be o(-9). Let r(b) = -2*b**i - 2 - b - b - b**2 + 2*b**2. Determine r(-2).
-2
Let z = 20 - 11. Let d(s) = -2*s**2 + z - 8*s + 3*s**2 + 0*s. Give d(6).
-3
Let n(a) = -21*a + 1. Let s be n(-1). Suppose -8 = -5*k + s. Let d(z) = 3*z + 5 + 2 - 1 - k*z. Give d(4).
-6
Let u be 15/(-6)*24/(-10). Let j(h) = -2*h + 2. Let f(c) = -2*c + 2. Let w(y) = -3*f(y) + 4*j(y). Give w(u).
-10
Let k(a) = -8*a**2 - 5*a**2 + 2*a + 0 - 1 + 5*a**2. Determine k(1).
-7
Let x(t) = 6*t**2 + 10*t - 2. Let a(w) = 5*w**2 + 9*w - 3. Suppose b - 4*j + 5 = -6, 3*b = -2*j + 23. Let l(o) = b*a(o) - 4*x(o). Determine l(-6).
-1
Let x(q) = -q**2 - 5*q + 5. Let r(f) = f**2 + 11*f - 11. Let u(a) = 6*r(a) + 13*x(a). Give u(1).
-7
Let u(c) = -c**3 - 5*c**2 - 4*c + 3. Let f(z) = z**3 + 5*z**2 + 4*z - 2. Let n(m) = 6*f(m) + 5*u(m). S